tors of 9899765.
5, 617, 3209
List the prime factors of 22079178.
2, 3, 11, 19, 5869
What are the prime factors of 293316?
2, 3, 24443
List the prime factors of 541120.
2, 5, 19, 89
What are the prime factors of 13411478?
2, 137, 48947
List the prime factors of 10091.
10091
List the prime factors of 3148692.
2, 3, 262391
List the prime factors of 1002339.
3, 13, 659
List the prime factors of 9023735.
5, 7, 347, 743
What are the prime factors of 174323?
47, 3709
What are the prime factors of 23853391?
3307, 7213
List the prime factors of 31759509.
3, 131, 211, 383
What are the prime factors of 6481918?
2, 3240959
List the prime factors of 60095.
5, 7, 17, 101
List the prime factors of 2590557.
3, 719, 1201
What are the prime factors of 1234754?
2, 307, 2011
List the prime factors of 242306.
2, 97, 1249
List the prime factors of 547329.
3, 182443
List the prime factors of 930519.
3, 103391
What are the prime factors of 421673?
7, 59, 1021
What are the prime factors of 99976?
2, 12497
What are the prime factors of 247326?
2, 3, 41221
List the prime factors of 19655.
5, 3931
List the prime factors of 4410282.
2, 3, 757, 971
What are the prime factors of 3242408?
2, 13, 31177
What are the prime factors of 684791?
684791
List the prime factors of 33460.
2, 5, 7, 239
List the prime factors of 63267.
3, 21089
List the prime factors of 939228.
2, 3, 23, 41, 83
List the prime factors of 4130250.
2, 3, 5, 5507
List the prime factors of 2029182.
2, 3, 338197
What are the prime factors of 701769?
3, 233923
What are the prime factors of 21046421?
11, 59, 32429
List the prime factors of 7769162.
2, 613, 6337
What are the prime factors of 713978?
2, 356989
List the prime factors of 1001897.
13, 77069
What are the prime factors of 291825?
3, 5, 1297
What are the prime factors of 3085671?
3, 1028557
List the prime factors of 4026796.
2, 677, 1487
What are the prime factors of 95175?
3, 5, 47
What are the prime factors of 96249?
3, 32083
What are the prime factors of 1162405?
5, 383, 607
List the prime factors of 4408530.
2, 3, 5, 7, 2999
List the prime factors of 291258.
2, 3, 11, 1471
List the prime factors of 13595895.
3, 5, 431, 701
What are the prime factors of 99278?
2, 49639
List the prime factors of 206325.
3, 5, 7, 131
What are the prime factors of 1068354?
2, 3, 7, 61, 139
List the prime factors of 1637129.
13, 125933
What are the prime factors of 36972?
2, 3, 13, 79
What are the prime factors of 1607453?
397, 4049
List the prime factors of 451965.
3, 5, 29, 1039
List the prime factors of 533795.
5, 106759
List the prime factors of 160814.
2, 80407
What are the prime factors of 4839318?
2, 3, 11, 8147
List the prime factors of 2553758.
2, 613, 2083
List the prime factors of 454733.
17, 23, 1163
List the prime factors of 3040925.
5, 121637
What are the prime factors of 538865?
5, 107773
What are the prime factors of 2798174?
2, 1019, 1373
List the prime factors of 1028011.
1028011
List the prime factors of 173030.
2, 5, 11, 13
List the prime factors of 118014.
2, 3, 13, 17, 89
List the prime factors of 578589.
3, 11, 89, 197
What are the prime factors of 964089?
3, 7, 5101
What are the prime factors of 335734?
2, 7, 23981
List the prime factors of 166401.
3, 6163
What are the prime factors of 24647?
7, 503
What are the prime factors of 4060557?
3, 59, 2549
List the prime factors of 26470.
2, 5, 2647
What are the prime factors of 967536?
2, 3, 6719
What are the prime factors of 86458?
2, 139, 311
List the prime factors of 3258421.
3258421
What are the prime factors of 309384?
2, 3, 4297
List the prime factors of 267546.
2, 3, 17, 43, 61
What are the prime factors of 246059?
11, 22369
List the prime factors of 610821.
3, 7541
List the prime factors of 284598.
2, 3, 97, 163
List the prime factors of 11246741.
11, 17, 137, 439
What are the prime factors of 1532744?
2, 41, 4673
List the prime factors of 378840.
2, 3, 5, 7, 11, 41
List the prime factors of 317068.
2, 31, 2557
List the prime factors of 838136.
2, 13, 8059
What are the prime factors of 3268112?
2, 157, 1301
List the prime factors of 2185821.
3, 11, 22079
What are the prime factors of 105302?
2, 37, 1423
List the prime factors of 344798.
2, 172399
List the prime factors of 7308839.
31, 43, 5483
What are the prime factors of 214166?
2, 17, 6299
List the prime factors of 35792.
2, 2237
What are the prime factors of 1051608?
2, 3, 43, 1019
What are the prime factors of 511371?
3, 7, 8117
What are the prime factors of 2839789?
2839789
What are the prime factors of 448235?
5, 157, 571
What are the prime factors of 205159?
193, 1063
What are the prime factors of 630393?
3, 210131
What are the prime factors of 1435099?
103, 13933
What are the prime factors of 32098939?
173, 185543
What are the prime factors of 5749448?
2, 23, 31247
List the prime factors of 709783.
19, 37357
What are the prime factors of 4530901?
89, 50909
List the prime factors of 1050078.
2, 3, 175013
List the prime factors of 1733276.
2, 433319
What are the prime factors of 1908340?
2, 5, 7, 43, 317
List the prime factors of 29530551.
3, 23, 37, 43, 269
List the prime factors of 3316584.
2, 3, 138191
What are the prime factors of 397559?
179, 2221
What are the prime factors of 329211?
3, 89, 137
List the prime factors of 186280.
2, 5, 4657
What are the prime factors of 8064099?
3, 23, 163, 239
What are the prime factors of 66721?
66721
What are the prime factors of 3207196?
2, 157, 5107
What are the prime factors of 511132?
2, 53, 2411
What are the prime factors of 4125591?
3, 458399
List the prime factors of 1142321.
1142321
List the prime factors of 1446775.
5, 11, 5261
What are the prime factors of 5029029?
3, 558781
What are the prime factors of 6651705?
3, 5, 197, 2251
What are the prime factors of 240646?
2, 7, 17189
List the prime factors of 15709.
23, 683
What are the prime factors of 1071890?
2, 5, 37, 2897
What are the prime factors of 7694097?
3, 419, 6121
What are the prime factors of 153440?
2, 5, 7, 137
List the prime factors of 14304811.
14304811
What are the prime factors of 134730?
2, 3, 5, 499
List the prime factors of 2371681.
13, 241, 757
What are the prime factors of 10451962?
2, 1409, 3709
What are the prime factors of 1629005?
5, 7, 61, 109
List the prime factors of 3512576.
2, 13721
What are the prime factors of 14504284?
2, 167, 21713
What are the prime factors of 294503?
11, 41, 653
List the prime factors of 1946492.
2, 587, 829
What are the prime factors of 516033?
3, 7, 8191
List the prime factors of 5618959.
17, 103, 3209
What are the prime factors of 7516563?
3, 83, 30187
List the prime factors of 27079574.
2, 13539787
What are the prime factors of 16181264?
2, 11, 91939
What are the prime factors of 3748845?
3, 5, 249923
What are the prime factors of 968?
2, 11
List the prime factors of 286767.
3, 13, 19, 43
List the prime factors of 285210.
2, 3, 5, 3169
What are the prime factors of 104357?
11, 53, 179
List the prime factors of 2159684.
2, 539921
What are the prime factors of 237937?
7, 19, 1789
What are the prime factors of 1252961?
467, 2683
What are the prime factors of 32162188?
2, 23, 349589
List the prime factors of 5096606.
2, 79, 32257
List the prime factors of 8200247.
11, 745477
List the prime factors of 41081335.
5, 23, 357229
What are the prime factors of 15793726?
2, 13, 46727
List the prime factors of 355814.
2, 177907
What are the prime factors of 263576?
2, 47, 701
List the prime factors of 737540.
2, 5, 36877
What are the prime factors of 2030199?
3, 676733
List the prime factors of 566434.
2, 11, 25747
What are the prime factors of 4692956?
2, 1173239
List the prime factors of 35470722.
2, 3, 7, 521, 1621
What are the prime factors of 10455835?
5, 13, 31, 5189
What are the prime factors of 12494335?
5, 7, 356981
List the prime factors of 22759.
11, 2069
What are the prime factors of 792234?
2, 3, 17, 863
What are the prime factors of 1446419?
13, 111263
What are the prime factors of 1925913?
3, 11, 17, 3433
What are the prime factors of 95467?
95467
What are the prime factors of 1694453?
103, 16451
List the prime factors of 238062.
2, 3, 11, 3607
What are the prime factors of 5702802?
2, 3, 7, 135781
List the prime factors of 760360.
2, 5, 19009
What are the prime factors of 87